/2 - 4*d - 6. Is m(9) a multiple of 10?
False
Suppose 6*a = 10*a - 608. Does 26 divide a?
False
Let p = -3 - -8. Suppose 3*c - 4*w - 72 = 0, 0*w + p*w = -2*c + 25. Is 14 a factor of c?
False
Let w = 143 + -59. Is w a multiple of 14?
True
Let z(g) = -2*g**2 - 2. Let x(s) = -6*s**2 + s - 7. Let f(t) = 6*x(t) - 17*z(t). Let l be f(6). Is 17 a factor of (1 - l) + 2/1?
False
Let o = 391 + -232. Is 11 a factor of o?
False
Suppose -4*l - 51 = 13. Let c = 12 - l. Is 7 a factor of c?
True
Let f(p) = p - 8. Let b be f(10). Suppose -5*i + b*q + 139 = 0, 4*q + q - 44 = -2*i. Is i a multiple of 9?
True
Let h(r) = r**3 + 2*r**2 - r - 2. Let m be h(-2). Suppose 3*v + 0*v - 6 = m. Suppose -v*j + 160 = 2*j. Is 20 a factor of j?
True
Let x(u) be the first derivative of u**2 - 2*u - 1. Let j(i) = i - 1. Let w(d) = -5*j(d) + 3*x(d). Is w(3) even?
True
Let n(y) = -y**2 + 72. Let c be n(0). Does 3 divide -3 + 0 - c/(-8)?
True
Let a(k) = -k**3 - 8*k**2 - 7*k + 4. Let j(f) = f - 4. Let d be j(-3). Let w be a(d). Suppose -2*p - 12 - 10 = -4*r, 2*r - w*p = 20. Does 4 divide r?
True
Suppose 2*t + 2*k = 5*t - 972, -t + 310 = 4*k. Is t a multiple of 14?
True
Suppose 3*v + 2*a = 36, 3*a - 33 + 98 = 4*v. Does 6 divide v?
False
Let n(g) = -8*g**2 + 5 - 3*g**3 - 9*g + 2*g**3 - 2*g**2. Let o be n(-7). Is 2/8 + o/(-4) a multiple of 11?
False
Let t = -237 + 338. Does 13 divide t?
False
Let l be (-3)/((-9)/6) + 3. Suppose 4*s + l = -s, -5*v + 214 = s. Suppose -3*x - 1 = -v. Is 5 a factor of x?
False
Let x(n) = -n**2 + 9*n + 1. Does 6 divide x(4)?
False
Let m(d) be the third derivative of 0 + 0*d + 1/15*d**5 + 0*d**4 + 5/6*d**3 - 1/120*d**6 + 2*d**2. Is 5 a factor of m(4)?
True
Let t(i) = 3*i - 12. Let m be t(7). Suppose 0 = 2*y - 33 + m. Does 3 divide y?
True
Suppose 18 = -l + 58. Does 33 divide l?
False
Let p be 2/(4/(-20*2)). Does 13 divide (p + -3 + 0)*-1?
False
Suppose 2*c = -0*c. Suppose -p - 3*p + 116 = c. Does 12 divide p?
False
Does 5 divide -1*(-2)/(-4) - (-207)/6?
False
Let b(q) = q**3 + 4*q**2 - 10*q + 12. Does 57 divide b(5)?
False
Let v(y) = 9*y + 0*y**2 + 5*y**2 - 10 - 6*y**2. Does 4 divide v(7)?
True
Let u be (-2 + -1)/(9/(-300)). Suppose -7*y + 2*y - u = 0. Does 18 divide (5 + 0)*(-84)/y?
False
Let s(d) = -23*d**2 - 15. Let z(i) = 8*i**2 + 5. Let p(u) = -6*s(u) - 17*z(u). Let k be p(-5). Let j = k - 25. Is 15 a factor of j?
True
Suppose 263 = 3*m - 388. Is 31 a factor of m?
True
Let v = -110 - -34. Is 18 a factor of (-7)/14*v/2?
False
Suppose 5*b + 0*k + 4*k - 254 = 0, 0 = b + k - 50. Is 18 a factor of b?
True
Suppose -k - 3*i + 51 = -0*k, -2*k - 2*i + 98 = 0. Is 31 a factor of k?
False
Let h(l) = -15*l**3 + l + 1. Suppose s - 2*g - 5 = -0*s, 2*s + 14 = -4*g. Does 9 divide h(s)?
False
Let l(p) = -2*p**2. Let g be l(-3). Let w = g - -30. Does 6 divide w?
True
Let w(n) = 38*n - 3. Let s be w(3). Suppose 87 = 4*l + k, -5*l - k = -2*k - s. Is l a multiple of 9?
False
Suppose 4*z = -5*s + 313, -z = -3*s - 5*z + 183. Is s a multiple of 20?
False
Let g = 11 - 0. Does 2 divide g?
False
Let b be 2*(-1 + 2 + 0). Does 22 divide b + 2*10 + 0?
True
Let l be (-12)/15*(-15)/6. Let b be l/((-5)/(-2) - 2). Suppose 3*u + 12 = 0, 10 = -5*n - b*u + 24. Is 6 a factor of n?
True
Suppose 274 = 4*z + 3*x, -2*z + 6*z - 286 = 3*x. Does 11 divide (-310)/(-7) + (-20)/z?
True
Let y = 225 + -151. Suppose 4*j - 152 = -2*c, j = c + 2*j - y. Is c a multiple of 16?
False
Let n = -23 - -59. Let q = -24 + n. Does 12 divide q?
True
Suppose 19*k - 64 = 11*k. Is k even?
True
Let w = -11 + 14. Is w a multiple of 2?
False
Let r(v) = -v**2 + 10*v + 7. Suppose -2*x + 0 + 16 = 0. Is r(x) a multiple of 12?
False
Let g(a) = a**3 + 10*a**2 + 7*a - 6. Let h be g(-9). Let v(b) = 0 + 9*b - 2 - 5*b + h*b. Is v(2) a multiple of 15?
True
Suppose 3*c + 4*k - 98 = 0, c = 2*c - k - 28. Does 10 divide c?
True
Let f = 74 + -69. Is 4 a factor of f?
False
Suppose -3*l = 151 - 31. Let k be l/6 - 1/3. Let h = 13 + k. Does 2 divide h?
True
Let b be (-30)/135 - (-11)/9. Is (-9 + (-4)/b)*-2 a multiple of 9?
False
Is 4 a factor of 11/(-3)*(-11 + 8)?
False
Let f(w) = w**2 - 4*w - 1. Let s be f(3). Let a = s - -8. Suppose 0 = -a*m + 78 - 10. Is m a multiple of 8?
False
Suppose 2*q - s - 318 = -0*q, 0 = -s + 2. Does 32 divide q?
True
Let n(i) be the first derivative of -i - 1. Let x(d) = 2*d**2 - 3*d + 2. Let g(l) = -n(l) + x(l). Does 10 divide g(-4)?
False
Is (-1525)/(-15) + 3/9 a multiple of 17?
True
Suppose a - 5*w + w - 22 = 0, -3*w + 66 = 3*a. Is 11 a factor of a?
True
Suppose 0*p + 68 = 3*p + 4*v, 4*v + 4 = 0. Let d = -2 + p. Does 10 divide d?
False
Let a be (-19)/4 - (-2)/(-8). Let q(t) = t**2 + 3*t + 7. Let b be q(a). Suppose -b = -n - 2*k, 41 = n - k - 3*k. Does 9 divide n?
False
Suppose -3*i + 87 = 3*r, i - 3*r - 26 - 19 = 0. Is i a multiple of 11?
True
Suppose -52 = -6*i + 74. Suppose -2 - 8 = -x - n, -3*n = 4*x - 39. Let l = x + i. Does 15 divide l?
True
Suppose q - 52 = 4*h, q + 0*q - 20 = -4*h. Does 9 divide q?
True
Suppose 3*p = -5*o + 151, o - 3*o - 210 = -4*p. Is p a multiple of 26?
True
Suppose 6 - 18 = -2*d. Suppose 15 = -w + d*w. Suppose 0*m - 42 = -w*m. Is 4 a factor of m?
False
Suppose 3*j - 96 = 12. Does 9 divide j?
True
Let w = -4 - 1. Let s be 1 - (-2 + 3 + w). Suppose -14 - 15 = -2*j - s*u, -u + 84 = 5*j. Is 17 a factor of j?
True
Suppose -5*z = 5, 3*l - 2*l = -4*z - 2. Suppose -10 = -u + 4*n, -3*u - l*n + 6 = 2*u. Suppose 0 = -3*h + 4*p + 112, 0*p + 72 = 2*h - u*p. Is 16 a factor of h?
True
Let t(j) = -59*j + 3. Let z be t(2). Let c = -57 - z. Is c a multiple of 29?
True
Suppose l + 9 = i, 5*i = -2*l - l + 77. Let s = i - 8. Suppose s - 53 = -2*h. Is h a multiple of 8?
True
Suppose h - 4*h + 207 = 0. Is 23 a factor of h?
True
Let k be 0 - (-3 - 6) - -3. Let g = k - 10. Suppose 0 = 4*t - 12, v - 3*t - g*t = 10. Is v a multiple of 11?
False
Suppose 0*y - 3*y + 15 = -3*u, -3*y = -5*u - 17. Is 10 - (u*2 + 1) a multiple of 4?
False
Suppose 5 = 5*a + 15. Let r = 2 - a. Is 2 a factor of (0 - -4)*(r + -3)?
True
Let h(k) = -k**3 + 7*k**2 + 8*k + 1. Let x be h(8). Let l be (0 - x)/((-2)/6). Suppose -r + 16 = l*r. Does 3 divide r?
False
Let s = -116 - -332. Is 7 a factor of s?
False
Let q(p) = -2*p - 12. Let t = -22 + 15. Is 2 a factor of q(t)?
True
Let b(d) = 2 + 1 - 4*d - 1. Suppose -4*k + 2 = 10. Does 10 divide b(k)?
True
Let b = -7 - -12. Suppose -2*o = -b*o. Suppose o = -4*y - 0*y + 32. Is y a multiple of 3?
False
Let t be (1 - 4)/(-6)*-8. Let l be t/(-18) + (-125)/(-45). Suppose 0 = l*j + j - 96. Does 9 divide j?
False
Suppose 166 = -5*m + 641. Suppose 0 = -3*l - 2*l + z - m, 0 = -2*l - 3*z - 55. Let f = l + 36. Is 16 a factor of f?
True
Suppose 9 = 3*j - 162. Does 37 divide j?
False
Suppose -q + 72 = p, -3*p - 4*q + 182 + 37 = 0. Is 19 a factor of p?
False
Let b(h) = -h**3 - 4*h**2 - 7*h - 3. Let c be b(-6). Let y = c + -39. Suppose p = 3*p - y. Is 21 a factor of p?
False
Let l(g) = g**2 + 3*g. Let j be l(-3). Suppose 0 = -2*f - j*f - 10. Is 3/((-45)/12)*f a multiple of 4?
True
Suppose -7*w = -11*w + 1600. Is w a multiple of 55?
False
Let x(i) be the first derivative of i**4/4 + i**3/3 - i**2/2 + 40*i - 4. Does 14 divide x(0)?
False
Let h = 10 + -6. Let x be 9/(-6) - (-14)/h. Suppose 0 = 3*z - v - 26, -z - 2*v - x*v = 0. Does 5 divide z?
False
Let s be (36/(-30))/((-2)/5). Suppose s = w - 5. Is 4 a factor of w?
True
Suppose -4*u - 2*o + 469 = 97, 4*o = -3*u + 279. Suppose -4*d - 2*k + 480 - 126 = 0, 0 = -d + k + u. Suppose -5*x = -d - 10. Does 10 divide x?
True
Suppose 5*x - 2*m = -4*m + 111, 125 = 5*x - 5*m. Is x a multiple of 23?
True
Let d(s) = s**2 + 2*s + 0 - 10*s + 11. Suppose 3*g - 2 = 22. Is 6 a factor of d(g)?
False
Let f = 484 + -274. Is f a multiple of 30?
True
Suppose 3*q = -137 + 11. Let m be (-3)/12 - q/8. Suppose 5*d = m*v + 130, -d + 23 + 3 = v. Is d a multiple of 13?
True
Let q(x) = x**3 + 6*x**2 - 7*x + 2. Let y be q(-7). Let o be 4/(-18) + y/9. Suppose -72 = -3*g - 3*v, 3*v + 128 = -o*g + 5*g. Is g a multiple of 15?
False
Suppose -2*u + 128 = u - 4*i, i = u - 41. Does 12 divide u?
True
Let d be 132/21 - 2/7. Let u = d + -4. Suppose -4*w - 6*m + u*m = -60, -5*w + 81 = 2*m. Is w a multiple of 11?
False
Suppose -b + 26 = -0*b. Let s = b + -18. Does 8 divide s?
True
Let h(y) = y - 5. Let l